{"id":813,"date":"2021-09-07T22:32:31","date_gmt":"2021-09-07T20:32:31","guid":{"rendered":"https:\/\/lotte-bibliothek.org\/?page_id=813"},"modified":"2025-10-03T12:11:01","modified_gmt":"2025-10-03T10:11:01","slug":"zukuenftige-veranstaltungen","status":"publish","type":"page","link":"https:\/\/lotte-bibliothek.org\/?page_id=813","title":{"rendered":"Zuk\u00fcnftige Veranstaltungen"},"content":{"rendered":"\n<figure class=\"wp-block-image size-large is-resized\"><img loading=\"lazy\" decoding=\"async\" width=\"1024\" height=\"1024\" src=\"https:\/\/lotte-bibliothek.org\/wp-content\/uploads\/2021\/06\/IMG_20210614_122544_441-1024x1024.jpg\" alt=\"\" class=\"wp-image-694\" style=\"width:674px;height:674px\" srcset=\"https:\/\/lotte-bibliothek.org\/wp-content\/uploads\/2021\/06\/IMG_20210614_122544_441-1024x1024.jpg 1024w, https:\/\/lotte-bibliothek.org\/wp-content\/uploads\/2021\/06\/IMG_20210614_122544_441-300x300.jpg 300w, https:\/\/lotte-bibliothek.org\/wp-content\/uploads\/2021\/06\/IMG_20210614_122544_441-150x150.jpg 150w, https:\/\/lotte-bibliothek.org\/wp-content\/uploads\/2021\/06\/IMG_20210614_122544_441-768x768.jpg 768w, https:\/\/lotte-bibliothek.org\/wp-content\/uploads\/2021\/06\/IMG_20210614_122544_441-100x100.jpg 100w, https:\/\/lotte-bibliothek.org\/wp-content\/uploads\/2021\/06\/IMG_20210614_122544_441.jpg 1080w\" sizes=\"auto, (max-width: 767px) 89vw, (max-width: 1000px) 54vw, (max-width: 1071px) 543px, 580px\" \/><\/figure>\n\n\n\n\n\n<p><\/p>\n\n\n\n<figure class=\"wp-block-image size-large\"><img loading=\"lazy\" decoding=\"async\" width=\"1024\" height=\"577\" src=\"https:\/\/lotte-bibliothek.org\/wp-content\/uploads\/2025\/10\/Seydou_blank_hat-1024x577.jpg\" alt=\"\" class=\"wp-image-1938\" srcset=\"https:\/\/lotte-bibliothek.org\/wp-content\/uploads\/2025\/10\/Seydou_blank_hat-1024x577.jpg 1024w, https:\/\/lotte-bibliothek.org\/wp-content\/uploads\/2025\/10\/Seydou_blank_hat-300x169.jpg 300w, https:\/\/lotte-bibliothek.org\/wp-content\/uploads\/2025\/10\/Seydou_blank_hat-768x433.jpg 768w, https:\/\/lotte-bibliothek.org\/wp-content\/uploads\/2025\/10\/Seydou_blank_hat-1536x866.jpg 1536w, https:\/\/lotte-bibliothek.org\/wp-content\/uploads\/2025\/10\/Seydou_blank_hat.jpg 1920w\" sizes=\"auto, (max-width: 767px) 89vw, (max-width: 1000px) 54vw, (max-width: 1071px) 543px, 580px\" \/><\/figure>\n\n\n\n<p style=\"font-size:26px\"><br>Filmscreening &#8222;The Pickers&#8220; mit Podiumsdiskussion<\/p>\n\n\n\n<p>In Europa pfl\u00fccken mehr als 2 Millionen Wanderarbeiter*innen unser Obst und Gem\u00fcse. Viele von ihnen leben und arbeiten als Sans-Papiers unter prek\u00e4ren Bedingungen. Der Film \u00abThe Pickers\u00bb zeigt diese Menschen und beleuchtet ein ausbeuterisches System. Es gibt jedoch auch positive Beispiele wie das Projekt SOS Rosarno.<\/p>\n\n\n\n<p>Beim anschliessenden Podiumsgespr\u00e4ch mit G\u00e4sten von SOS Rosarno aus Kalabrien erfahren Sie was dort anders l\u00e4uft, wie das Projekt SolRosa funktioniert und was dies alles auch mit der Schweiz zu tun hat.<\/p>\n\n\n\n<p>Eintritt frei, Kollekte<\/p>\n\n\n\n<p>Mo 27.10.2025 Bern<br>Di 28.10.2025 Lausanne<\/p>\n\n\n\n<p><strong>Mi 29.10.2025 Luzern \u2013 18:30 Uhr STATTKINO<\/strong><br>Bourbaki Panorama, L\u00f6wenplatz 11, 6004 Luzern<a href=\"https:\/\/www.stattkino.ch\" target=\"_blank\" rel=\"noreferrer noopener\"> www.stattkino.ch<\/a> unter Mitarbeit der <a href=\"https:\/\/www.sanspapiersluzern.ch\/home\" target=\"_blank\" rel=\"noreferrer noopener\">Sans Papier Stelle Luzern<\/a> und<strong> mit B\u00fcchertisch von der <a href=\"https:\/\/lotte-bibliothek.org\/\" target=\"_blank\" rel=\"noreferrer noopener\">Lotte Bibliothek<\/a><\/strong><\/p>\n\n\n\n<p>Do 30.10.2025 Z\u00fcrich<br>Fr 31.10.2025 Biel<\/p>\n\n\n\n<p>Der Film THE PICKERS<\/p>\n\n\n\n<p>Wir wollen billiges Obst und Gem\u00fcse, das ganze Jahr \u00fcber. Kein Problem. Die Pfl\u00fccker:innen liefern, aber sie zahlen den Preis f\u00fcr uns.<\/p>\n\n\n\n<p>THE PICKERS verfolgt die Spuren unserer Orangen, Oliven, Erdbeeren oder Blaubeeren bis zu den Menschen, die sie ernten: In S\u00fcditalien pfl\u00fcckt Seydou aus Mali Orangen. Als Tagel\u00f6hner ohne Vertrag wir er pro Kiste bezahlt. Er lebt in einer selbstgebauten H\u00fctte, in einer Siedlung ohne Wasser und Strom.<\/p>\n\n\n\n<p>Blaubeeren in Portugal, Oliven in Griechenland, Erdbeeren in Spanien \u2013 mehr als zwei Millionen Migrant:innen arbeiten derzeit auf europ\u00e4ischen Feldern, viele von ihnen ohne Vertrag oder Mindestlohn, einige ohne Aufenthaltspapiere oder mit hohen Schulden bei Vermittlern.<br><br>Mehr Infos \u00fcber die Veranstaltungsreihe: <br><a href=\"https:\/\/solrosa.org\/veranstaltungsreihe-mit-filmvorfuehrung-und-podiumsgespraech\/\">https:\/\/solrosa.org\/veranstaltungsreihe-mit-filmvorfuehrung-und-podiumsgespraech\/<\/a><br><br><\/p>\n\n\n\n<div style=\"height:100px\" aria-hidden=\"true\" class=\"wp-block-spacer\"><\/div>\n\n\n\n<figure class=\"wp-block-image size-large\"><img loading=\"lazy\" decoding=\"async\" width=\"724\" height=\"1024\" src=\"https:\/\/lotte-bibliothek.org\/wp-content\/uploads\/2025\/04\/AntifaunterAnklage-724x1024.jpg\" alt=\"\" class=\"wp-image-1886\" srcset=\"https:\/\/lotte-bibliothek.org\/wp-content\/uploads\/2025\/04\/AntifaunterAnklage-724x1024.jpg 724w, https:\/\/lotte-bibliothek.org\/wp-content\/uploads\/2025\/04\/AntifaunterAnklage-212x300.jpg 212w, https:\/\/lotte-bibliothek.org\/wp-content\/uploads\/2025\/04\/AntifaunterAnklage-768x1087.jpg 768w, https:\/\/lotte-bibliothek.org\/wp-content\/uploads\/2025\/04\/AntifaunterAnklage-1085x1536.jpg 1085w, https:\/\/lotte-bibliothek.org\/wp-content\/uploads\/2025\/04\/AntifaunterAnklage-1447x2048.jpg 1447w, https:\/\/lotte-bibliothek.org\/wp-content\/uploads\/2025\/04\/AntifaunterAnklage-scaled.jpg 1809w\" sizes=\"auto, (max-width: 724px) 100vw, 724px\" \/><\/figure>\n\n\n\n<p>FILM UND INFOVERANSTALTUNG<br><strong>ANTIFA UNTER ANKLAGE<\/strong><br><br><strong>FILM<\/strong><br>&#8222;ANTIFA &#8211; Schulter an Schulter, wo der Staat versagte&#8220;<\/p>\n\n\n\n<figure class=\"wp-block-embed is-type-video is-provider-youtube wp-block-embed-youtube wp-embed-aspect-16-9 wp-has-aspect-ratio\"><div class=\"wp-block-embed__wrapper\">\n<iframe loading=\"lazy\" title=\"ANTIFA - Schulter an Schulter wo der Staat versagte (offizieller Trailer)\" width=\"525\" height=\"295\" src=\"https:\/\/www.youtube.com\/embed\/Q2jqqymfapI?feature=oembed\" frameborder=\"0\" allow=\"accelerometer; autoplay; clipboard-write; encrypted-media; gyroscope; picture-in-picture; web-share\" referrerpolicy=\"strict-origin-when-cross-origin\" allowfullscreen><\/iframe>\n<\/div><\/figure>\n\n\n\n<p>Luzern, Steinenstrasse 17 (rauchfrei bis 23:00 Uhr)<br><strong>Fr 23.05.25<\/strong> &#8211; 20 Uhr<br><br><br><strong>INFOVERANSTALTUNG<\/strong><br>zum Antifa-Ost-Verfahren und zur Situation von Nanuk\/ KW Thomas.<\/p>\n\n\n\n<p>Luzern, R\u00e4Zel Horwerstrasse 14<br><strong>Fr 30.05.25<\/strong> &#8211; 19 Uhr<\/p>\n\n\n\n<p>Bern, <s>Anarchistischer Infoladen Borke, Reitschule<\/s> Neuer Ort: Partoutes, M\u00fchlemattstrasse 31<br><strong>Sa 31.05.25<\/strong> &#8211; 16 Uhr<\/p>\n\n\n\n<p>Einer von uns, unser Freund KW-Thomas, unser Genosse Nanuk, sitzt seit dem Oktober 2024 in der JVA Moabit (Berlin) hinter Gittern. Thomas kommt aus K\u00f6nigs-Wusterhausen (KW) bei Berlin und ist seit Anfang der 1990er Jahre aktiver Antifaschist. Er machte die Baseballschl\u00e4gerjahre in KW mit, erlebte die Politik der Straflosigkeit gegen Nazis dort und \u00fcberlebte physische Attacken auf seine Person. Andere \u00fcberlebten die Nazigewalt in dieser Zeit nicht. Sp\u00e4ter ging KW-Thomas nach Berlin und war als Internationalist auch in Rojava.<\/p>\n\n\n\n<p>Der Tatvorwurf gegen KW-Thomas ist, dass er sich mit anderen zusammen gegen Nazis zur Wehr gesetzt haben soll. Er geh\u00f6rt zu einem der Angeklagten im Antifa-Ost-Verfahren. Das ganze Verfahren, aber insbesondere die Vorw\u00fcrfe gegen KW-Thomas st\u00fctzen sich ma\u00dfgeblich auf die Aussagen des Kronzeugen und Sexualstraft\u00e4ters Johannes Domh\u00f6ver. Es ist offensichtlich, dass die Generalbundesstaatsanwaltschaft in Deutschland versucht, eines der gr\u00f6ssten politischen Verfahren gegen Linke der letzten Jahre zu konstruieren und durchzuziehen.<\/p>\n\n\n\n<p>Anwesend sind daf\u00fcr ein Anwalt, der im Antifa-Ost-Verfahren eine Person vertritt und eine Aktivistin aus der Soligruppe von Thomas.<br>Wir wollen an diesem Abend einen \u00dcberblick \u00fcber den Stand des Antifa-Ost-Verfahrens geben und eine Einordnung versuchen.<br>Wir werden aber auch \u00fcber die Situation von KW-Thomas im Knast sprechen. Und schliesslich wollen wir mit euch \u00fcber die Notwendigkeit von Antifaschismus und Solidarit\u00e4t in Zeiten der zunehmenden Faschisierung der Verh\u00e4ltnisse diskutieren.<\/p>\n\n\n\n<p>Wer als Grundlage mehr \u00fcber den Hintergrund der Antifa und der Baseballschl\u00e4gerjahre erfahren m\u00f6chte ist eine Woche vor der Veranstaltung herzlich zum Screening des Films &#8222;Antifa &#8211; Schulter an Schulter wo der Staat versagte&#8220; eingeladen.<\/p>\n\n\n\n<div style=\"height:100px\" aria-hidden=\"true\" class=\"wp-block-spacer\"><\/div>\n\n\n\n<figure class=\"wp-block-image size-large is-resized\"><img loading=\"lazy\" decoding=\"async\" width=\"722\" height=\"1024\" src=\"https:\/\/lotte-bibliothek.org\/wp-content\/uploads\/2025\/05\/2025_Vorlesetag_Abgesagt-722x1024.png\" alt=\"\" class=\"wp-image-1911\" style=\"width:674px\" srcset=\"https:\/\/lotte-bibliothek.org\/wp-content\/uploads\/2025\/05\/2025_Vorlesetag_Abgesagt-722x1024.png 722w, https:\/\/lotte-bibliothek.org\/wp-content\/uploads\/2025\/05\/2025_Vorlesetag_Abgesagt-211x300.png 211w, https:\/\/lotte-bibliothek.org\/wp-content\/uploads\/2025\/05\/2025_Vorlesetag_Abgesagt-768x1090.png 768w, https:\/\/lotte-bibliothek.org\/wp-content\/uploads\/2025\/05\/2025_Vorlesetag_Abgesagt-1083x1536.png 1083w, https:\/\/lotte-bibliothek.org\/wp-content\/uploads\/2025\/05\/2025_Vorlesetag_Abgesagt-1444x2048.png 1444w, https:\/\/lotte-bibliothek.org\/wp-content\/uploads\/2025\/05\/2025_Vorlesetag_Abgesagt.png 1748w\" sizes=\"auto, (max-width: 722px) 100vw, 722px\" \/><\/figure>\n\n\n\n<div style=\"height:100px\" aria-hidden=\"true\" class=\"wp-block-spacer\"><\/div>\n\n\n\n<h1 class=\"wp-block-heading\">Es sind diverse Lesungen angefragt, sobald das Programm feststeht lassen wir es Dich wissen!<\/h1>\n","protected":false},"excerpt":{"rendered":"<p>Filmscreening &#8222;The Pickers&#8220; mit Podiumsdiskussion In Europa pfl\u00fccken mehr als 2 Millionen Wanderarbeiter*innen unser Obst und Gem\u00fcse. Viele von ihnen leben und arbeiten als Sans-Papiers unter prek\u00e4ren Bedingungen. Der Film \u00abThe Pickers\u00bb zeigt diese Menschen und beleuchtet ein ausbeuterisches System. Es gibt jedoch auch positive Beispiele wie das Projekt SOS Rosarno. Beim anschliessenden Podiumsgespr\u00e4ch mit &hellip; <\/p>\n<p class=\"link-more\"><a href=\"https:\/\/lotte-bibliothek.org\/?page_id=813\" class=\"more-link\"><span class=\"screen-reader-text\">\u201eZuk\u00fcnftige Veranstaltungen\u201c <\/span>weiterlesen<\/a><\/p>\n","protected":false},"author":1,"featured_media":0,"parent":0,"menu_order":0,"comment_status":"closed","ping_status":"closed","template":"","meta":{"footnotes":""},"class_list":["post-813","page","type-page","status-publish","hentry"],"_links":{"self":[{"href":"https:\/\/lotte-bibliothek.org\/index.php?rest_route=\/wp\/v2\/pages\/813","targetHints":{"allow":["GET"]}}],"collection":[{"href":"https:\/\/lotte-bibliothek.org\/index.php?rest_route=\/wp\/v2\/pages"}],"about":[{"href":"https:\/\/lotte-bibliothek.org\/index.php?rest_route=\/wp\/v2\/types\/page"}],"author":[{"embeddable":true,"href":"https:\/\/lotte-bibliothek.org\/index.php?rest_route=\/wp\/v2\/users\/1"}],"replies":[{"embeddable":true,"href":"https:\/\/lotte-bibliothek.org\/index.php?rest_route=%2Fwp%2Fv2%2Fcomments&post=813"}],"version-history":[{"count":75,"href":"https:\/\/lotte-bibliothek.org\/index.php?rest_route=\/wp\/v2\/pages\/813\/revisions"}],"predecessor-version":[{"id":1943,"href":"https:\/\/lotte-bibliothek.org\/index.php?rest_route=\/wp\/v2\/pages\/813\/revisions\/1943"}],"wp:attachment":[{"href":"https:\/\/lotte-bibliothek.org\/index.php?rest_route=%2Fwp%2Fv2%2Fmedia&parent=813"}],"curies":[{"name":"wp","href":"https:\/\/api.w.org\/{rel}","templated":true}]}}